der when b is divided by r?
2
Let f(q) = 4*q + 3. Calculate the remainder when 75 is divided by f(6).
21
Let x = 6 + -2. Suppose 32 = 2*f + 4*v, 2*f - 122 = -3*f + x*v. What is the remainder when 85 is divided by f?
19
Suppose -5*z - 2*i + 9 = -16, -i = -5. What is the remainder when 8 is divided by z?
2
Suppose 90 + 27 = 3*t. Calculate the remainder when t is divided by 23.
16
Let g(y) = 25*y - 3. What is the remainder when g(3) is divided by 25?
22
Suppose 4*l = -4*q - 4, 3*q - 8*q - 15 = 0. Let w(j) = 6 - 5*j**2 - 5*j - l*j**3 + j**3 + 2*j**3. What is the remainder when 22 is divided by w(6)?
10
Suppose -2*l = -4*l - 5*x + 302, -5*x = 3*l - 448. What is the remainder when l is divided by 37?
35
Let a = 49 - 25. Let c = 22 + -9. What is the remainder when a is divided by c?
11
Suppose 6*y - 3*y = 36. What is the remainder when 47 is divided by y?
11
What is the remainder when 4 + (219/3 - 1) is divided by 14?
6
Let j(l) = 8*l**2 - 2 + 1 + 0. Calculate the remainder when j(-1) is divided by 4.
3
Let f = -8 + 24. What is the remainder when f is divided by 9?
7
Let r(s) = s**3 + 3*s**2 - 6*s - 4. Suppose 3*p = 7*p. Calculate the remainder when -1 + 1 - (p - 11) is divided by r(-4).
3
Calculate the remainder when 148 is divided by 1830/35 + -2 - (-6)/(-21).
48
Suppose 0*q - 2*q + 6 = 0. Suppose -4*c + 17 = f, 5*c - 1 = 3*c - q*f. Suppose 0 = c*l + 5, -j + 12 = 2*l - 12. What is the remainder when j is divided by 9?
8
Let x be 4/3*(-3)/(-2). Suppose 5*v = x*d + 317, 4*v + 2*d - 152 = 98. Calculate the remainder when v is divided by 16.
15
Let b(r) = -r**3 + r**2 + 7. Suppose -4*a = -5*k + 142, -4*k + 7*a + 119 = 2*a. Calculate the remainder when k is divided by b(0).
5
Let y(m) = -m**2 - 2*m + 4. Let a be y(0). Suppose 0 = 4*j - a. What is the remainder when 4 is divided by j?
0
Suppose 0*a = 5*k - a - 88, -k - 4*a = -5. Calculate the remainder when 47 is divided by k.
13
Suppose 13 = -2*i + 3*m, -2*m + 47 = -5*i - 13. Suppose -4*c - 8 = 4, -r - 7 = -c. Let j = r - i. What is the remainder when 10 is divided by j?
2
Suppose -6 = 2*w - 0*w. Let c = w + 10. Calculate the remainder when 12 is divided by c.
5
What is the remainder when (-2)/5 - (-314)/10 is divided by (1*-11*-1)/1?
9
Let s(a) be the second derivative of a**5/20 + 13*a**4/12 - a**3/6 - 5*a**2 + 6*a. Let m(q) = -2*q - 2. What is the remainder when m(-5) is divided by s(-13)?
2
Let x = -28 + 36. Calculate the remainder when 34 is divided by x.
2
Suppose -216 = 2*l - 6*l. Suppose -l = -5*h + 341. What is the remainder when h is divided by 20?
19
Suppose 4*b = 5*b - 15. What is the remainder when 29 is divided by b?
14
Let j(b) = -b**3 + 7*b**2 + 11*b - 4. Calculate the remainder when 38 is divided by j(8).
18
Suppose 2*j + 5*c + 19 = 0, 3*j - 2*c = -j - 26. What is the remainder when 9 is divided by (8/6)/(j/(-21))?
1
Let z = 2 + 2. Suppose -144 = -z*d - q, -3*d + 5*q + 31 = -54. Let r(k) = 17*k**2 + 1. What is the remainder when d is divided by r(1)?
17
Let h(p) = -p**2 + 3. Let w be h(-3). Let j = 3 + w. Let m = 5 + j. What is the remainder when 2 is divided by m?
0
Let j(a) = 3*a**2 - 2*a - 1. Let g be j(-2). Suppose c = -2*c - 990. What is the remainder when ((-18)/g)/(9/c) is divided by 15?
14
Let p(u) = 12*u**2 + u - 4. What is the remainder when p(3) is divided by 18?
17
Let r = -5 + 7. Suppose -r*a = a - 3. Let y = a - -1. Calculate the remainder when 4 is divided by y.
0
Let y = 29 - -2. Suppose -d = -4*b, 0 = 3*d - 3*b - 0*b. Calculate the remainder when y is divided by d/1 - 11*-1.
9
Suppose 0 = -2*q - i + 29 + 23, 0 = 4*q - 2*i - 96. Calculate the remainder when q is divided by 6.
1
Let f = 145 - 129. What is the remainder when 158 is divided by f?
14
Suppose 3*f - 4 = 5*f. What is the remainder when 7 is divided by (3/f)/(1/(-2))?
1
Let g = 47 - 14. Calculate the remainder when g is divided by 18.
15
Suppose q - 3*s = -0*s + 28, 2*s = 4*q - 72. Let i = 18 - 28. Let y = i + q. Calculate the remainder when 10 is divided by y.
4
Suppose -z - 3*z + 80 = 0. Suppose -z + 0 = -5*x. Calculate the remainder when 3 is divided by (-2)/(1 - 5)*x.
1
Let q = 19 - -9. What is the remainder when 81 is divided by q?
25
Let q(r) = -2 + 3*r**2 - r**2 + r + 4. What is the remainder when q(3) is divided by 12?
11
Suppose 0*a - 3*a + 330 = 0. Calculate the remainder when a is divided by 28.
26
Suppose 4*p - 20 - 20 = 0. Calculate the remainder when 29 is divided by p.
9
Suppose -2 + 77 = 5*c. Suppose -c = -2*x + 3. Let d = -22 - -48. What is the remainder when d is divided by x?
8
Suppose 4*v - 8 = -2*y, 5*y + 4*v - 24 = y. Calculate the remainder when 29 is divided by y.
5
Let a(x) = x**2 - 5*x - 4. Let o be a(6). Suppose g = -p + 16, o*g + 50 = 5*p - 3*g. What is the remainder when 36 is divided by p?
10
Let x be (-20)/1*(-4)/(-10). Let p = 0 - x. Suppose 3*n - 53 - 13 = 0. What is the remainder when n is divided by p?
6
What is the remainder when 147 is divided by 324/8 - 0 - (-15)/(-10)?
30
Suppose 2*c + 12 = 4*c + 4*n, 0 = -5*c - 2*n + 22. Let p = 48 - 37. What is the remainder when p is divided by c?
3
Let r(o) = 4*o - 10. Calculate the remainder when r(10) is divided by 11.
8
Suppose -12*d = -17*d + 30. Calculate the remainder when 8 is divided by d.
2
Suppose -25 - 17 = -2*b. Suppose 3*f - 2*n - 250 = 0, 5*f + 2*n - 390 = 16. What is the remainder when f is divided by b?
19
Calculate the remainder when (-1 + 3)*(-1 + 4) is divided by 3.
0
Suppose 4*p - q = 95, 2*p + 16*q - 19*q - 55 = 0. Calculate the remainder when 112 is divided by p.
20
Let w = 11 + -5. Suppose -5*n + 2*n = -w. Suppose 3*x = n*x + 12. Calculate the remainder when 35 is divided by x.
11
Let q(k) = -4 + 0 - 2*k + 4*k. Let b = 8 - 5. What is the remainder when q(6) is divided by b?
2
Let b(l) = l**2 + l. Let i be b(1). Let c(q) = q**3 + 4*q**2 + 1. Let g be c(-4). Let v = i - g. What is the remainder when 1 is divided by v?
0
Suppose -4*m + 3 + 21 = 0. Calculate the remainder when 17 is divided by (m/(-4))/((-3)/18).
8
Let x(o) = -o**3 - 11*o**2 - 7*o - 15. Calculate the remainder when x(-11) is divided by 13.
10
Let c = 17 - 18. What is the remainder when c/3 + 402/18 is divided by 13?
9
Calculate the remainder when (-60)/(-8)*(-16)/(-6) is divided by 7.
6
Let q(h) = -h**2 + 8*h - 11. Let j be ((-10)/(-8))/((-1)/(-4)). Suppose -j*k + 4 = -1. What is the remainder when k is divided by q(6)?
0
Let b = 32 - 28. Calculate the remainder when (-9)/(-2) + 2/4 is divided by b.
1
Let y(k) = -2*k**3 - 4*k**2 - k + 4. What is the remainder when 99 is divided by y(-3)?
24
Let p(l) = 7*l**3 - 5*l**2 + 4*l - 7. What is the remainder when p(4) is divided by 63?
62
Let c = -12 - -13. Let u(b) = 3*b**3 + b**2 - 2*b + 1. Calculate the remainder when 8 is divided by u(c).
2
Suppose -2*x + 69 + 41 = 0. Let g(k) = 3*k - 1. Calculate the remainder when x is divided by g(5).
13
Let i(n) = 3*n**2 - 5*n + 6. Let f be i(5). Calculate the remainder when 19 is divided by f/6 - (-2)/3.
9
What is the remainder when 34 - (-1)/(3 + -2) is divided by 9?
8
Let a = 25 - -11. Suppose -27 = -j + a. Calculate the remainder when j is divided by 22.
19
Suppose 4*x + 2*n = 4, 0*n + 4 = 4*x - 3*n. Calculate the remainder when x is divided by 1.
0
Let u = 36 - 30. What is the remainder when u is divided by (-1)/(-2*3/12)?
0
Let n = 15 - 6. Let y = 5 + -4. What is the remainder when (-3)/((-6)/50) + y is divided by n?
8
Let z = 2 + 2. Calculate the remainder when 9 is divided by z.
1
Calculate the remainder when 157 is divided by 53 - 1*(-2 - -3)*0.
51
Suppose z + m - 13 = 64, 4*z - 287 = 3*m. What is the remainder when z is divided by 25?
24
Let i = 1 + 2. Suppose i*t - 3*r - 19 = 35, 2*t - r = 38. What is the remainder when t is divided by 12?
8
Let k = 188 - 69. Calculate the remainder when k is divided by 24.
23
Let b = 57 + -19. Let l = -8 - -12. Suppose 0 = -4*n + 56 - l. Calculate the remainder when b is divided by n.
12
Suppose -2*a - 84 = 5*v - 32, 56 = -4*v + 2*a. Let r = -4 - v. What is the remainder when 30 is divided by r?
6
Let y(m) = 6*m - m**2 + 10*m + 5 - 4 - 6*m. Calculate the remainder when 48 is divided by y(9).
8
Let k be (364/(-8))/((-2)/4). Suppose 3*s + 103 = -d, d = -0*d + s - k. Calculate the remainder when (-1)/2 + d/(-4) is divided